{"id":9594,"date":"2021-02-15T13:09:42","date_gmt":"2021-02-15T12:09:42","guid":{"rendered":"http:\/\/espace-securite.com\/?page_id=9594"},"modified":"2021-06-18T13:39:18","modified_gmt":"2021-06-18T11:39:18","slug":"technologies","status":"publish","type":"page","link":"https:\/\/espace-securite.com\/index.php\/technologies\/","title":{"rendered":"Technologies et Radiocommunication"},"content":{"rendered":"<div id=\"pl-9594\"  class=\"panel-layout\" ><div id=\"pg-9594-0\"  class=\"panel-grid panel-has-style\" ><div class=\"mainhero siteorigin-panels-stretch panel-row-style-full-width panel-row-style panel-row-style-for-9594-0\" data-stretch-type=\"full-stretched\" ><div id=\"pgc-9594-0-0\"  class=\"panel-grid-cell\" ><div id=\"panel-9594-0-0-0\" class=\"so-panel widget widget_sow-hero panel-first-child panel-last-child\" data-index=\"0\" ><div class=\"so-widget-sow-hero so-widget-sow-hero-default-d8960df0ac8a-9594 so-widget-fittext-wrapper\" data-fit-text-compressor=\"0.85\"><div class=\"sow-slider-base\" style=\"display: none\"><ul class=\"sow-slider-images\" data-settings=\"{&quot;pagination&quot;:true,&quot;speed&quot;:800,&quot;timeout&quot;:8000,&quot;paused&quot;:true,&quot;pause_on_hover&quot;:false,&quot;swipe&quot;:true,&quot;nav_always_show_desktop&quot;:&quot;&quot;,&quot;nav_always_show_mobile&quot;:&quot;&quot;,&quot;breakpoint&quot;:&quot;780px&quot;,&quot;unmute&quot;:false}\">\t\t<li class=\"sow-slider-image  sow-slider-image-cover\" style=\"background-color: #413c35\" >\n\t\t\t\t\t<div class=\"sow-slider-image-container\">\n\t\t\t<div class=\"sow-slider-image-wrapper\">\n\t\t\t\t<h1 style=\"text-align: center\"><span style=\"color: #f27500\">Technologies et Radiocommunication<\/span><\/h1>\n<p>&nbsp;<\/p>\n<h3 style=\"text-align: center\" data-ccp-props=\"{&quot;335551550&quot;:1,&quot;335551620&quot;:1,&quot;335559683&quot;:0,&quot;335559685&quot;:0,&quot;335559731&quot;:0,&quot;335559737&quot;:0,&quot;335562764&quot;:2,&quot;335562765&quot;:1,&quot;335562766&quot;:4,&quot;335562767&quot;:0,&quot;335562768&quot;:4,&quot;335562769&quot;:0}\"><span data-usefontface=\"false\" data-contrast=\"none\"><span style=\"color: #f27500\">Communiquer<\/span> est essentiel\u00a0 ! <\/span><span data-usefontface=\"false\" data-contrast=\"none\">Que vous ayez besoin de <\/span><span style=\"color: #f27500\"><b>PMR 446 <\/b><\/span><b><span data-usefontface=\"false\" data-contrast=\"none\">(sans licence) ou de <span style=\"color: #f27500\">PMR Pro<\/span><\/span><\/b><span style=\"color: #f27500\" data-usefontface=\"false\" data-contrast=\"none\">, <\/span><span data-usefontface=\"false\" data-contrast=\"none\">nous sommes \u00e0 votre \u00e9coute pour <\/span><span data-usefontface=\"false\" data-contrast=\"none\">mieux vous conseiller et r\u00e9pondre <\/span><span data-usefontface=\"false\" data-contrast=\"none\">\u00e0 vos attentes.<\/span>\u200b<\/h3>\n<h3 style=\"text-align: center\"><span class=\"TextRun SCXP52393050 BCX2\" lang=\"FR-FR\" xml:lang=\"FR-FR\" data-usefontface=\"false\" data-contrast=\"none\"><span class=\"NormalTextRun SCXP52393050 BCX2\">\u00a0<\/span><\/span><\/h3>\n<p>&nbsp;<\/p>\n\t\t\t<\/div>\n\t\t<\/div>\n\t\t<div class=\"sow-slider-image-overlay sow-slider-image-cover\" style=\"background-image: url(https:\/\/espace-securite.com\/wp-content\/uploads\/2021\/02\/radio-in-september-1224724_1920.jpg);opacity: 0.44\"  ><\/div>\t\t<\/li>\n\t\t<\/ul>\t\t\t\t<ol class=\"sow-slider-pagination\">\n\t\t\t\t\t\t\t\t\t\t\t<li><a href=\"#\" data-goto=\"0\" aria-label=\"afficher la diapositive 1\"><\/a><\/li>\n\t\t\t\t\t\t\t\t\t<\/ol>\n\n\t\t\t\t<div class=\"sow-slide-nav sow-slide-nav-next\">\n\t\t\t\t\t<a href=\"#\" data-goto=\"next\" aria-label=\"diapositive suivante\" data-action=\"next\">\n\t\t\t\t\t\t<em class=\"sow-sld-icon-thin-right\"><\/em>\n\t\t\t\t\t<\/a>\n\t\t\t\t<\/div>\n\n\t\t\t\t<div class=\"sow-slide-nav sow-slide-nav-prev\">\n\t\t\t\t\t<a href=\"#\" data-goto=\"previous\" aria-label=\"diapositive pr\u00e9c\u00e9dente\" data-action=\"prev\">\n\t\t\t\t\t\t<em class=\"sow-sld-icon-thin-left\"><\/em>\n\t\t\t\t\t<\/a>\n\t\t\t\t<\/div>\n\t\t\t\t<\/div><\/div><\/div><\/div><\/div><\/div><div id=\"pg-9594-1\"  class=\"panel-grid panel-no-style\" ><div id=\"pgc-9594-1-0\"  class=\"panel-grid-cell\" ><div id=\"panel-9594-1-0-0\" class=\"so-panel widget widget_headline-widget panel-first-child panel-last-child\" data-index=\"1\" ><div class=\"panel-widget-style panel-widget-style-for-9594-1-0-0\" >\t\t<h1>Nos produits<\/h1>\n\t\t<div class=\"decoration\"><div class=\"decoration-inside\"><\/div><\/div>\n\t\t<h3><\/h3>\n\t\t<\/div><\/div><\/div><\/div><div id=\"pg-9594-2\"  class=\"panel-grid panel-no-style\" ><div id=\"pgc-9594-2-0\"  class=\"panel-grid-cell\" ><div id=\"panel-9594-2-0-0\" class=\"so-panel widget widget_sow-image panel-first-child panel-last-child\" data-index=\"2\" ><div class=\"so-widget-sow-image so-widget-sow-image-default-bc4f5fbc2633-9594\">\n<h3 class=\"widget-title\">D\u00e9tecteurs de m\u00e9taux<\/h3>\n<div class=\"sow-image-container\">\n\t\t<img src=\"https:\/\/espace-securite.com\/wp-content\/uploads\/2021\/06\/detecteurs.png\" width=\"1000\" height=\"1000\" srcset=\"https:\/\/espace-securite.com\/wp-content\/uploads\/2021\/06\/detecteurs.png 1000w, https:\/\/espace-securite.com\/wp-content\/uploads\/2021\/06\/detecteurs-300x300.png 300w, https:\/\/espace-securite.com\/wp-content\/uploads\/2021\/06\/detecteurs-150x150.png 150w, https:\/\/espace-securite.com\/wp-content\/uploads\/2021\/06\/detecteurs-768x768.png 768w\" sizes=\"(max-width: 1000px) 100vw, 1000px\" title=\"D\u00e9tecteurs de m\u00e9taux\" alt=\"D\u00e9tecteurs de m\u00e9taux\" loading=\"lazy\" \t\tclass=\"so-widget-image\"\/>\n\t<\/div>\n\n<\/div><\/div><\/div><div id=\"pgc-9594-2-1\"  class=\"panel-grid-cell\" ><div id=\"panel-9594-2-1-0\" class=\"so-panel widget widget_sow-image panel-first-child panel-last-child\" data-index=\"3\" ><div class=\"panel-widget-style panel-widget-style-for-9594-2-1-0\" ><div class=\"so-widget-sow-image so-widget-sow-image-default-bc4f5fbc2633-9594\">\n<h3 class=\"widget-title\">Radios<\/h3>\n<div class=\"sow-image-container\">\n\t\t<img src=\"https:\/\/espace-securite.com\/wp-content\/uploads\/2021\/06\/radios.png\" width=\"733\" height=\"707\" srcset=\"https:\/\/espace-securite.com\/wp-content\/uploads\/2021\/06\/radios.png 733w, https:\/\/espace-securite.com\/wp-content\/uploads\/2021\/06\/radios-300x289.png 300w\" sizes=\"(max-width: 733px) 100vw, 733px\" title=\"Radios\" alt=\"Radios\" loading=\"lazy\" \t\tclass=\"so-widget-image\"\/>\n\t<\/div>\n\n<\/div><\/div><\/div><\/div><div id=\"pgc-9594-2-2\"  class=\"panel-grid-cell\" ><div id=\"panel-9594-2-2-0\" class=\"so-panel widget widget_sow-image panel-first-child panel-last-child\" data-index=\"4\" ><div class=\"so-widget-sow-image so-widget-sow-image-default-bc4f5fbc2633-9594\">\n<h3 class=\"widget-title\">Micro-oreillettes et insert<\/h3>\n<div class=\"sow-image-container\">\n\t\t<img src=\"https:\/\/espace-securite.com\/wp-content\/uploads\/2021\/06\/oreillettes.png\" width=\"649\" height=\"530\" srcset=\"https:\/\/espace-securite.com\/wp-content\/uploads\/2021\/06\/oreillettes.png 649w, https:\/\/espace-securite.com\/wp-content\/uploads\/2021\/06\/oreillettes-300x245.png 300w\" sizes=\"(max-width: 649px) 100vw, 649px\" title=\"Micro-oreillettes et insert\" alt=\"Micro-oreillettes et insert\" loading=\"lazy\" \t\tclass=\"so-widget-image\"\/>\n\t<\/div>\n\n<\/div><\/div><\/div><\/div><div id=\"pg-9594-3\"  class=\"panel-grid panel-no-style\" ><div id=\"pgc-9594-3-0\"  class=\"panel-grid-cell\" ><div id=\"panel-9594-3-0-0\" class=\"so-panel widget widget_sow-image panel-first-child panel-last-child\" data-index=\"5\" ><div class=\"so-widget-sow-image so-widget-sow-image-default-bc4f5fbc2633-9594\">\n<h3 class=\"widget-title\">Portiques de s\u00e9curit\u00e9<\/h3>\n<div class=\"sow-image-container\">\n\t\t<img src=\"https:\/\/espace-securite.com\/wp-content\/uploads\/2021\/06\/portiques.png\" width=\"733\" height=\"707\" srcset=\"https:\/\/espace-securite.com\/wp-content\/uploads\/2021\/06\/portiques.png 733w, https:\/\/espace-securite.com\/wp-content\/uploads\/2021\/06\/portiques-300x289.png 300w\" sizes=\"(max-width: 733px) 100vw, 733px\" title=\"Portiques de s\u00e9curit\u00e9\" alt=\"Portiques de s\u00e9curit\u00e9\" loading=\"lazy\" \t\tclass=\"so-widget-image\"\/>\n\t<\/div>\n\n<\/div><\/div><\/div><div id=\"pgc-9594-3-1\"  class=\"panel-grid-cell\" ><div id=\"panel-9594-3-1-0\" class=\"so-panel widget widget_sow-image panel-first-child panel-last-child\" data-index=\"6\" ><div class=\"panel-widget-style panel-widget-style-for-9594-3-1-0\" ><div class=\"so-widget-sow-image so-widget-sow-image-default-bc4f5fbc2633-9594\">\n<h3 class=\"widget-title\">PTI GSM<\/h3>\n<div class=\"sow-image-container\">\n\t\t<img src=\"https:\/\/espace-securite.com\/wp-content\/uploads\/2021\/06\/pti-gsm.png\" width=\"733\" height=\"707\" srcset=\"https:\/\/espace-securite.com\/wp-content\/uploads\/2021\/06\/pti-gsm.png 733w, https:\/\/espace-securite.com\/wp-content\/uploads\/2021\/06\/pti-gsm-300x289.png 300w\" sizes=\"(max-width: 733px) 100vw, 733px\" title=\"PTI GSM\" alt=\"PTI GSM\" loading=\"lazy\" \t\tclass=\"so-widget-image\"\/>\n\t<\/div>\n\n<\/div><\/div><\/div><\/div><div id=\"pgc-9594-3-2\"  class=\"panel-grid-cell\" ><div id=\"panel-9594-3-2-0\" class=\"so-panel widget widget_sow-image panel-first-child panel-last-child\" data-index=\"7\" ><div class=\"so-widget-sow-image so-widget-sow-image-default-bc4f5fbc2633-9594\">\n<h3 class=\"widget-title\">Rondiers<\/h3>\n<div class=\"sow-image-container\">\n\t\t<img src=\"https:\/\/espace-securite.com\/wp-content\/uploads\/2021\/06\/rondiers.png\" width=\"733\" height=\"707\" srcset=\"https:\/\/espace-securite.com\/wp-content\/uploads\/2021\/06\/rondiers.png 733w, https:\/\/espace-securite.com\/wp-content\/uploads\/2021\/06\/rondiers-300x289.png 300w\" sizes=\"(max-width: 733px) 100vw, 733px\" title=\"Rondiers\" alt=\"Rondiers\" loading=\"lazy\" \t\tclass=\"so-widget-image\"\/>\n\t<\/div>\n\n<\/div><\/div><\/div><\/div><div id=\"pg-9594-4\"  class=\"panel-grid panel-has-style\" ><div class=\"panel-row-style panel-row-style-for-9594-4\" ><div id=\"pgc-9594-4-0\"  class=\"panel-grid-cell\" ><div id=\"panel-9594-4-0-0\" class=\"so-panel widget widget_sow-hero panel-first-child panel-last-child\" data-index=\"8\" ><div class=\"panel-widget-style panel-widget-style-for-9594-4-0-0\" ><div class=\"so-widget-sow-hero so-widget-sow-hero-default-dc5cbba68b4e-9594 so-widget-fittext-wrapper\" data-fit-text-compressor=\"0.85\"><div class=\"sow-slider-base\" style=\"display: none\"><ul class=\"sow-slider-images\" data-settings=\"{&quot;pagination&quot;:true,&quot;speed&quot;:800,&quot;timeout&quot;:8000,&quot;paused&quot;:false,&quot;pause_on_hover&quot;:false,&quot;swipe&quot;:true,&quot;nav_always_show_desktop&quot;:&quot;&quot;,&quot;nav_always_show_mobile&quot;:&quot;&quot;,&quot;breakpoint&quot;:&quot;780px&quot;,&quot;unmute&quot;:false}\">\t\t<li class=\"sow-slider-image\" style=\"background-color: #fcfcfc\" >\n\t\t\t\t\t<div class=\"sow-slider-image-container\">\n\t\t\t<div class=\"sow-slider-image-wrapper\">\n\t\t\t\t<h3 class=\"sow-slider-image-wrapper\" style=\"text-align: center\"><span style=\"color: #f27500\"><strong><span class=\"TextRun SCXP94687863 BCX2\" lang=\"FR-FR\" xml:lang=\"FR-FR\" data-usefontface=\"false\" data-contrast=\"none\"><span class=\"NormalTextRun SCXP94687863 BCX2\">L\u2019Espace <\/span><\/span><\/strong><\/span><span class=\"TextRun SCXP94687863 BCX2\" lang=\"FR-FR\" xml:lang=\"FR-FR\" data-usefontface=\"false\" data-contrast=\"none\"><span class=\"NormalTextRun SCXP94687863 BCX2\"><strong><span style=\"color: #f27500\">Professionnel de la S\u00e9curit\u00e9<\/span> <\/strong>vous propose un large choix <\/span><\/span><span class=\"TextRun SCXP94687863 BCX2\" lang=\"FR-FR\" xml:lang=\"FR-FR\" data-usefontface=\"false\" data-contrast=\"none\"><span class=\"NormalTextRun SCXP94687863 BCX2\">qui r\u00e9pond \u00e0 cet imp\u00e9ratif et <\/span><\/span><span class=\"TextRun SCXP94687863 BCX2\" lang=\"FR-FR\" xml:lang=\"FR-FR\" data-usefontface=\"false\" data-contrast=\"none\"><span class=\"NormalTextRun SCXP94687863 BCX2\">\u00e0 votre budget<\/span><\/span><span class=\"TextRun SCXP94687863 BCX2\" lang=\"FR-FR\" xml:lang=\"FR-FR\" data-usefontface=\"false\" data-contrast=\"none\"><span class=\"NormalTextRun SCXP94687863 BCX2\">. <\/span><\/span><\/h3>\n<p style=\"text-align: center\"><span data-usefontface=\"false\" data-contrast=\"none\">La <strong><span style=\"color: #f27500\">technologie<\/span> <\/strong>est \u00e0 votre <strong><span style=\"color: #f27500\">service<\/span> <\/strong>: c<\/span>ontr\u00f4le de ronde\u200b, Protection du Travailleur Isol\u00e9\u200b, planification du personnel\u200b, main courante informatique\u200b, d\u00e9tection \u00e0 l\u2019entr\u00e9e des sites \u200b<span data-usefontface=\"false\" data-contrast=\"none\">ou lors d\u2019\u00e9v\u00e8nements, ... Nous sommes \u00e0 <span class=\"TextRun SCXP152312977 BCX2\" lang=\"FR-FR\" xml:lang=\"FR-FR\" data-usefontface=\"false\" data-contrast=\"none\"><span class=\"NormalTextRun SCXP152312977 BCX2\">vos c\u00f4t\u00e9s <\/span><\/span><span class=\"TextRun SCXP152312977 BCX2\" lang=\"FR-FR\" xml:lang=\"FR-FR\" data-usefontface=\"false\" data-contrast=\"none\"><span class=\"NormalTextRun SCXP152312977 BCX2\">pour vous<strong> <span style=\"color: #f27500\">conseiller<\/span> <\/strong>et vous <\/span><\/span><span class=\"TextRun SCXP152312977 BCX2\" lang=\"FR-FR\" xml:lang=\"FR-FR\" data-usefontface=\"false\" data-contrast=\"none\"><span class=\"NormalTextRun SCXP152312977 BCX2\"><strong><span style=\"color: #f27500\">assister<\/span><\/strong>.<\/span><\/span><br \/>\n<\/span><\/p>\n<p style=\"text-align: left\"><span class=\"TextRun SCXP94687863 BCX2\" lang=\"FR-FR\" style=\"color: #333333\" xml:lang=\"FR-FR\" data-usefontface=\"false\" data-contrast=\"none\"><span class=\"NormalTextRun SCXP94687863 BCX2\">\u00a0<\/span><\/span><\/p>\n\t\t\t<\/div>\n\t\t<\/div>\n\t\t\t\t<\/li>\n\t\t<\/ul>\t\t\t\t<ol class=\"sow-slider-pagination\">\n\t\t\t\t\t\t\t\t\t\t\t<li><a href=\"#\" data-goto=\"0\" aria-label=\"afficher la diapositive 1\"><\/a><\/li>\n\t\t\t\t\t\t\t\t\t<\/ol>\n\n\t\t\t\t<div class=\"sow-slide-nav sow-slide-nav-next\">\n\t\t\t\t\t<a href=\"#\" data-goto=\"next\" aria-label=\"diapositive suivante\" data-action=\"next\">\n\t\t\t\t\t\t<em class=\"sow-sld-icon-thin-right\"><\/em>\n\t\t\t\t\t<\/a>\n\t\t\t\t<\/div>\n\n\t\t\t\t<div class=\"sow-slide-nav sow-slide-nav-prev\">\n\t\t\t\t\t<a href=\"#\" data-goto=\"previous\" aria-label=\"diapositive pr\u00e9c\u00e9dente\" data-action=\"prev\">\n\t\t\t\t\t\t<em class=\"sow-sld-icon-thin-left\"><\/em>\n\t\t\t\t\t<\/a>\n\t\t\t\t<\/div>\n\t\t\t\t<\/div><\/div><\/div><\/div><\/div><\/div><\/div><div id=\"pg-9594-5\"  class=\"panel-grid panel-has-style\" ><div class=\"siteorigin-panels-stretch panel-row-style-full-width panel-row-style panel-row-style-for-9594-5\" style=\"background-color: #002060; \" data-stretch-type=\"full-stretched\" ><div id=\"pgc-9594-5-0\"  class=\"panel-grid-cell\" ><div id=\"panel-9594-5-0-0\" class=\"so-panel widget widget_sow-headline panel-first-child panel-last-child\" data-index=\"9\" ><div class=\"panel-widget-style panel-widget-style-for-9594-5-0-0\" ><div class=\"so-widget-sow-headline so-widget-sow-headline-default-86fe0dfac5f0-9594 so-widget-fittext-wrapper\" data-fit-text-compressor=\"0\"><div class=\"sow-headline-container \">\n\t<h1 class='sow-headline'>Nous contacter<\/h1><h4 class='sow-sub-headline'>Nous sommes \u00e0 votre disposition concernant toute demande pour vos commandes en quantit\u00e9 ou n\u00e9cessitant une personnalisation.<\/h4><\/div><\/div><\/div><\/div><\/div><\/div><\/div><div id=\"pg-9594-6\"  class=\"panel-grid panel-has-style\" ><div class=\"panel-row-style panel-row-style-for-9594-6\" ><div id=\"pgc-9594-6-0\"  class=\"panel-grid-cell\" ><div id=\"panel-9594-6-0-0\" class=\"so-panel widget widget_sow-contact-form panel-first-child panel-last-child\" data-index=\"10\" ><div class=\"panel-widget-style panel-widget-style-for-9594-6-0-0\" ><div class=\"so-widget-sow-contact-form so-widget-sow-contact-form-default-72becce0bc58-9594\">\t<form action=\"#contact-form-a9f2\"\n          method=\"POST\" class=\"sow-contact-form\" id=\"contact-form-a9f2\">\n\n\t\t\n\t\t            <div class=\"sow-form-field sow-form-field-name\"><label class=\"sow-form-field-label-above\" for=\"sow-contact-form-field-votre-nom-562e687f3231b\">\n\t\t\t\t<strong>\n\t\t\t\t\tVotre nom\t\t\t\t\t\t\t\t\t<\/strong>\n\t\t\t<\/label>\n\t\t\t<span class=\"sow-field-container\">\t\t<input type=\"text\" name=\"votre-nom-562e687f3231b\" id=\"sow-contact-form-field-votre-nom-562e687f3231b\" value=\"\" class=\"sow-text-field\"\/>\n\t\t<\/span><\/div>            <div class=\"sow-form-field sow-form-field-email\"><label class=\"sow-form-field-label-above\" for=\"sow-contact-form-field-votre-email-562e687f3231b\">\n\t\t\t\t<strong>\n\t\t\t\t\tVotre Email\t\t\t\t\t\t\t\t\t<\/strong>\n\t\t\t<\/label>\n\t\t\t<span class=\"sow-field-container\">\t\t<input type=\"email\" name=\"votre-email-562e687f3231b\" id=\"sow-contact-form-field-votre-email-562e687f3231b\" value=\"\" class=\"sow-text-field\"\/>\n\t\t<\/span><\/div>            <div class=\"sow-form-field sow-form-field-subject\"><label class=\"sow-form-field-label-above\" for=\"sow-contact-form-field-sujet-562e687f3231b\">\n\t\t\t\t<strong>\n\t\t\t\t\tSujet\t\t\t\t\t\t\t\t\t<\/strong>\n\t\t\t<\/label>\n\t\t\t<span class=\"sow-field-container\">\t\t<input type=\"text\" name=\"sujet-562e687f3231b\" id=\"sow-contact-form-field-sujet-562e687f3231b\" value=\"\" class=\"sow-text-field\"\/>\n\t\t<\/span><\/div>            <div class=\"sow-form-field sow-form-field-textarea\"><label class=\"sow-form-field-label-above\" for=\"sow-contact-form-field-message-562e687f3231b\">\n\t\t\t\t<strong>\n\t\t\t\t\tMessage\t\t\t\t\t\t\t\t\t<\/strong>\n\t\t\t<\/label>\n\t\t\t<span class=\"sow-field-container\">\t\t<textarea name=\"message-562e687f3231b\" id=\"sow-contact-form-field-message-562e687f3231b\" rows=\"10\"><\/textarea>\n\t\t<\/span><\/div>\t\t<input type=\"hidden\" name=\"instance_hash\" value=\"a9f2ac8f7081eccbc104d776bc202f77\" \/>\n\t\t<input type=\"hidden\" id=\"_wpnonce\" name=\"_wpnonce\" value=\"5749ff0163\" \/><input type=\"hidden\" name=\"_wp_http_referer\" value=\"\/index.php\/wp-json\/wp\/v2\/pages\/9594\" \/>\n\t\t\n\t\t<div class=\"sow-submit-wrapper sow-submit-styled\">\n\t\t\t<input type=\"submit\" value=\"Envoyer\" class=\"sow-submit\"\n\t\t\t\t   \t\t\t>\n\t\t<\/div>\n\t<\/form>\n\t<\/div><\/div><\/div><\/div><\/div><\/div><div id=\"pg-9594-7\"  class=\"panel-grid panel-has-style\" ><div class=\"siteorigin-panels-stretch panel-row-style-full-width panel-row-style panel-row-style-for-9594-7\" data-stretch-type=\"full-stretched\" ><div id=\"pgc-9594-7-0\"  class=\"panel-grid-cell\" ><div id=\"panel-9594-7-0-0\" class=\"so-panel widget widget_headline-widget panel-first-child\" data-index=\"11\" ><div class=\"panel-widget-style panel-widget-style-for-9594-7-0-0\" >\t\t<h1>Nos marques<\/h1>\n\t\t<div class=\"decoration\"><div class=\"decoration-inside\"><\/div><\/div>\n\t\t<h3><\/h3>\n\t\t<\/div><\/div><div id=\"panel-9594-7-0-1\" class=\"widget_text so-panel widget widget_custom_html panel-last-child\" data-index=\"12\" ><div class=\"textwidget custom-html-widget\">\n\t<div class=\"gs_logo_area gs_logo_area_1 slider1\" style=\"opacity: 0; visibility: hidden;\">\n\t\t<div class=\"gs_logo_area--inner\">\n\n\t\t\t\n<div class=\"gs_logo_container gs_carousel_swiper gs_logo_fix_height_and_center\" data-carousel-config='{\"direction\":\"horizontal\",\"speed\":250,\"isAutoplay\":true,\"autoplayDelay\":2000,\"loop\":true,\"pauseOnHover\":true,\"ticker\":false,\"navs\":true,\"navs_pos\":\"bottom\",\"dots\":false,\"dynamic_dots\":true,\"slideSpace\":10,\"slidesPerGroup\":1,\"desktopLogos\":4,\"tabletLogos\":3,\"mobileLogos\":2,\"reverseDirection\":false}'>\n\n\t\n\t\t\n\t\t\t<div class=\"gs_logo_single--wrapper\">\n\t\t\t\t<div class=\"gs_logo_single\">\n\n\t\t\t\t\t<!-- Logo Title -->\n\t\t\t\t\t<a href=\"https:\/\/metalboxe.com\/fr\/\" target=\"_blank\" rel=\"noopener\"><img width=\"225\" height=\"225\" src=\"https:\/\/espace-securite.com\/wp-content\/uploads\/2021\/02\/metalbox.png\" class=\"gs-logo--img wp-post-image\" alt=\"Metalboxe\" loading=\"lazy\" title=\"Metal boxe\" srcset=\"https:\/\/espace-securite.com\/wp-content\/uploads\/2021\/02\/metalbox.png 225w, https:\/\/espace-securite.com\/wp-content\/uploads\/2021\/02\/metalbox-150x150.png 150w\" sizes=\"(max-width: 225px) 100vw, 225px\" \/><\/a>\n\t\t\t\t\t<!-- Logo Title -->\n\t\t\t\t\t\t\t\t\t\t\n\t\t\t\t<\/div>\n\t\t\t<\/div>\n\n\t\t\n\t\t\t<div class=\"gs_logo_single--wrapper\">\n\t\t\t\t<div class=\"gs_logo_single\">\n\n\t\t\t\t\t<!-- Logo Title -->\n\t\t\t\t\t<a href=\"https:\/\/magnumbootsfrance.fr\/\" target=\"_blank\" rel=\"noopener\"><img width=\"300\" height=\"130\" src=\"https:\/\/espace-securite.com\/wp-content\/uploads\/2021\/02\/image-300x130.png\" class=\"gs-logo--img wp-post-image\" alt=\"Magnum\" loading=\"lazy\" title=\"Magnum\" srcset=\"https:\/\/espace-securite.com\/wp-content\/uploads\/2021\/02\/image-300x130.png 300w, https:\/\/espace-securite.com\/wp-content\/uploads\/2021\/02\/image.png 500w\" sizes=\"(max-width: 300px) 100vw, 300px\" \/><\/a>\n\t\t\t\t\t<!-- Logo Title -->\n\t\t\t\t\t\t\t\t\t\t\n\t\t\t\t<\/div>\n\t\t\t<\/div>\n\n\t\t\n\t\t\t<div class=\"gs_logo_single--wrapper\">\n\t\t\t\t<div class=\"gs_logo_single\">\n\n\t\t\t\t\t<!-- Logo Title -->\n\t\t\t\t\t<a href=\"https:\/\/gkpro.fr\/\" target=\"_blank\" rel=\"noopener\"><img width=\"160\" height=\"160\" src=\"https:\/\/espace-securite.com\/wp-content\/uploads\/2021\/02\/logo-GKPRO-180.jpg\" class=\"gs-logo--img wp-post-image\" alt=\"GK PRO\" loading=\"lazy\" title=\"gkpro\" srcset=\"https:\/\/espace-securite.com\/wp-content\/uploads\/2021\/02\/logo-GKPRO-180.jpg 160w, https:\/\/espace-securite.com\/wp-content\/uploads\/2021\/02\/logo-GKPRO-180-150x150.jpg 150w\" sizes=\"(max-width: 160px) 100vw, 160px\" \/><\/a>\n\t\t\t\t\t<!-- Logo Title -->\n\t\t\t\t\t\t\t\t\t\t\n\t\t\t\t<\/div>\n\t\t\t<\/div>\n\n\t\t\n\t\t\t<div class=\"gs_logo_single--wrapper\">\n\t\t\t\t<div class=\"gs_logo_single\">\n\n\t\t\t\t\t<!-- Logo Title -->\n\t\t\t\t\t<a href=\"http:\/\/www.cityguard-europe.com\/\" target=\"_blank\" rel=\"noopener\"><img width=\"300\" height=\"150\" src=\"https:\/\/espace-securite.com\/wp-content\/uploads\/2021\/02\/cityguard-300x150.png\" class=\"gs-logo--img wp-post-image\" alt=\"City Guard\" loading=\"lazy\" title=\"Cityguard\" srcset=\"https:\/\/espace-securite.com\/wp-content\/uploads\/2021\/02\/cityguard-300x150.png 300w, https:\/\/espace-securite.com\/wp-content\/uploads\/2021\/02\/cityguard.png 360w\" sizes=\"(max-width: 300px) 100vw, 300px\" \/><\/a>\n\t\t\t\t\t<!-- Logo Title -->\n\t\t\t\t\t\t\t\t\t\t\n\t\t\t\t<\/div>\n\t\t\t<\/div>\n\n\t\t\t\t\n\t\n<\/div>\n\t\t<\/div>\n\t<\/div>\n\n\t<\/div><\/div><\/div><\/div><\/div><\/div>","protected":false},"excerpt":{"rendered":"<p>Technologies et Radiocommunication &nbsp; Communiquer est essentiel\u00a0 ! Que vous ayez besoin de PMR 446 (sans licence) ou de PMR Pro, nous sommes \u00e0 votre \u00e9coute pour mieux vous conseiller et r\u00e9pondre \u00e0 vos attentes.\u200b \u00a0 &nbsp; Nos produits D\u00e9tecteurs de m\u00e9taux Radios Micro-oreillettes et insert Portiques de s\u00e9curit\u00e9 PTI GSM Rondiers L\u2019Espace Professionnel de [&hellip;]<\/p>\n","protected":false},"author":1,"featured_media":0,"parent":0,"menu_order":0,"comment_status":"closed","ping_status":"closed","template":"templates\/template-full-notitle.php","meta":[],"_links":{"self":[{"href":"https:\/\/espace-securite.com\/index.php\/wp-json\/wp\/v2\/pages\/9594"}],"collection":[{"href":"https:\/\/espace-securite.com\/index.php\/wp-json\/wp\/v2\/pages"}],"about":[{"href":"https:\/\/espace-securite.com\/index.php\/wp-json\/wp\/v2\/types\/page"}],"author":[{"embeddable":true,"href":"https:\/\/espace-securite.com\/index.php\/wp-json\/wp\/v2\/users\/1"}],"replies":[{"embeddable":true,"href":"https:\/\/espace-securite.com\/index.php\/wp-json\/wp\/v2\/comments?post=9594"}],"version-history":[{"count":54,"href":"https:\/\/espace-securite.com\/index.php\/wp-json\/wp\/v2\/pages\/9594\/revisions"}],"predecessor-version":[{"id":10378,"href":"https:\/\/espace-securite.com\/index.php\/wp-json\/wp\/v2\/pages\/9594\/revisions\/10378"}],"wp:attachment":[{"href":"https:\/\/espace-securite.com\/index.php\/wp-json\/wp\/v2\/media?parent=9594"}],"curies":[{"name":"wp","href":"https:\/\/api.w.org\/{rel}","templated":true}]}}