{"id":37,"date":"2021-01-18T15:18:55","date_gmt":"2021-01-18T14:18:55","guid":{"rendered":"http:\/\/localhost\/?page_id=37"},"modified":"2021-06-18T13:21:49","modified_gmt":"2021-06-18T11:21:49","slug":"qui-sommes-nous","status":"publish","type":"page","link":"https:\/\/espace-securite.com\/index.php\/qui-sommes-nous\/","title":{"rendered":"Qui sommes-nous ?"},"content":{"rendered":"<div id=\"pl-37\"  class=\"panel-layout\" ><div id=\"pg-37-0\"  class=\"panel-grid panel-has-style\" ><div class=\"siteorigin-panels-stretch panel-row-style-full-width panel-row-style panel-row-style-for-37-0\" data-stretch-type=\"full-stretched\" ><div id=\"pgc-37-0-0\"  class=\"panel-grid-cell\" ><div id=\"panel-37-0-0-0\" class=\"so-panel widget widget_sow-hero panel-first-child panel-last-child\" data-index=\"0\" ><div class=\"mainhero panel-widget-style panel-widget-style-for-37-0-0-0\" ><div class=\"so-widget-sow-hero so-widget-sow-hero-default-0e62a48cc9b7-37\"><div class=\"sow-slider-base\" style=\"display: none\"><ul class=\"sow-slider-images\" data-settings=\"{&quot;pagination&quot;:true,&quot;speed&quot;:800,&quot;timeout&quot;:8000,&quot;paused&quot;:true,&quot;pause_on_hover&quot;:false,&quot;swipe&quot;:false,&quot;nav_always_show_desktop&quot;:&quot;&quot;,&quot;nav_always_show_mobile&quot;:&quot;&quot;,&quot;breakpoint&quot;:&quot;780px&quot;,&quot;unmute&quot;:false}\">\t\t<li class=\"sow-slider-image  sow-slider-image-cover\" style=\"background-color: #333333;background-image: url(https:\/\/espace-securite.com\/wp-content\/uploads\/2021\/06\/IMG_1056-1-scaled.jpg)\" >\n\t\t\t\t\t<div class=\"sow-slider-image-container\">\n\t\t\t<div class=\"sow-slider-image-wrapper\">\n\t\t\t\t<h1><strong><span style=\"color: #ffffff\"><span style=\"color: #f27500\">Malika BROY,<\/span> <\/span><\/strong><\/h1>\n<h3><strong><span style=\"color: #f27500\">Cr\u00e9atrice de l\u2019Espace Professionnel de la S\u00e9curit\u00e9.<\/span><\/strong><\/h3>\n<h3><\/h3>\n&nbsp;\n<h3><span style=\"color: #ffffff\"><strong><span style=\"color: #f27500\">Sp\u00e9cialiste de la vente professionnelle<\/span><\/strong> et plus particuli\u00e8rement dans le domaine de la s\u00e9curit\u00e9 publique et priv\u00e9e <span style=\"color: #f27500\">depuis plus de 15 ans<\/span><\/span><\/h3>\n&nbsp;\t\t\t<\/div>\n\t\t<\/div>\n\t\t\t\t<\/li>\n\t\t<\/ul>\t\t\t\t<ol class=\"sow-slider-pagination\">\n\t\t\t\t\t\t\t\t\t\t\t<li><a href=\"#\" data-goto=\"0\" aria-label=\"afficher la diapositive 1\"><\/a><\/li>\n\t\t\t\t\t\t\t\t\t<\/ol>\n\n\t\t\t\t<div class=\"sow-slide-nav sow-slide-nav-next\">\n\t\t\t\t\t<a href=\"#\" data-goto=\"next\" aria-label=\"diapositive suivante\" data-action=\"next\">\n\t\t\t\t\t\t<em class=\"sow-sld-icon-thin-right\"><\/em>\n\t\t\t\t\t<\/a>\n\t\t\t\t<\/div>\n\n\t\t\t\t<div class=\"sow-slide-nav sow-slide-nav-prev\">\n\t\t\t\t\t<a href=\"#\" data-goto=\"previous\" aria-label=\"diapositive pr\u00e9c\u00e9dente\" data-action=\"prev\">\n\t\t\t\t\t\t<em class=\"sow-sld-icon-thin-left\"><\/em>\n\t\t\t\t\t<\/a>\n\t\t\t\t<\/div>\n\t\t\t\t<\/div><\/div><\/div><\/div><\/div><\/div><\/div><div id=\"pg-37-1\"  class=\"panel-grid panel-has-style\" ><div class=\"siteorigin-panels-stretch panel-row-style-full-width panel-row-style panel-row-style-for-37-1\" style=\"background-color: #ffffff; \" data-stretch-type=\"full\" ><div id=\"pgc-37-1-0\"  class=\"panel-grid-cell\" ><div id=\"panel-37-1-0-0\" class=\"so-panel widget widget_sow-editor panel-first-child\" data-index=\"1\" ><div class=\"so-widget-sow-editor so-widget-sow-editor-base\">\n<div class=\"siteorigin-widget-tinymce textwidget\">\n\t<h1><span style=\"text-decoration: underline;\">Experience<\/span><\/h1><\/div>\n<\/div><\/div><div id=\"panel-37-1-0-1\" class=\"so-panel widget widget_sow-hero panel-last-child\" data-index=\"2\" ><div class=\"panel-widget-style panel-widget-style-for-37-1-0-1\" ><div class=\"so-widget-sow-hero so-widget-sow-hero-default-df5024245606-37 so-widget-fittext-wrapper\" data-fit-text-compressor=\"0.85\"><div class=\"sow-slider-base\" style=\"display: none\"><ul class=\"sow-slider-images\" data-settings=\"{&quot;pagination&quot;:true,&quot;speed&quot;:800,&quot;timeout&quot;:8000,&quot;paused&quot;:false,&quot;pause_on_hover&quot;:false,&quot;swipe&quot;:true,&quot;nav_always_show_desktop&quot;:&quot;&quot;,&quot;nav_always_show_mobile&quot;:&quot;&quot;,&quot;breakpoint&quot;:&quot;780px&quot;,&quot;unmute&quot;:false}\">\t\t<li class=\"sow-slider-image\" style=\"background-color: #ffffff\" >\n\t\t\t\t\t<div class=\"sow-slider-image-container\">\n\t\t\t<div class=\"sow-slider-image-wrapper\">\n\t\t\t\t<h3><span style=\"color: #f27500\">Sp\u00e9cialiste de la vente professionnelle<\/span> <span style=\"color: #333333\">et plus particuli\u00e8rement dans le domaine de la<\/span> <span style=\"color: #f27500\">s\u00e9curit\u00e9 publique et priv\u00e9e<\/span> <span style=\"color: #333333\">depuis plus de 15 ans.<\/span><\/h3>\n<p>&nbsp;<\/p>\n<h3><\/h3>\n<h3><span style=\"color: #333333\">Son exp\u00e9rience lui permet de cerner au mieux vos imp\u00e9ratifs. Elle sait la <span style=\"color: #f27500\">n\u00e9cessit\u00e9 de disposer des \u00e9quipements indispensables<\/span> \u00e0 la bonne r\u00e9alisation des missions et \u00e0 la satisfaction des intervenants et des clients.<\/span><\/h3>\n<h3><\/h3>\n<p>&nbsp;<\/p>\n<h3><span style=\"color: #333333\">Elle met donc \u00e0 votre disposition ses <span style=\"color: #f27500\">connaissances<\/span>, son <span style=\"color: #f27500\">professionnalisme<\/span>, son <span style=\"color: #f27500\">dynamisme<\/span> et sa <span style=\"color: #f27500\">r\u00e9activit\u00e9<\/span> pour vous conseiller et vous orienter vers les produits et articles qui vous correspondent.<\/span><\/h3>\n\t\t\t<\/div>\n\t\t<\/div>\n\t\t\t\t<\/li>\n\t\t<\/ul>\t\t\t\t<ol class=\"sow-slider-pagination\">\n\t\t\t\t\t\t\t\t\t\t\t<li><a href=\"#\" data-goto=\"0\" aria-label=\"afficher la diapositive 1\"><\/a><\/li>\n\t\t\t\t\t\t\t\t\t<\/ol>\n\n\t\t\t\t<div class=\"sow-slide-nav sow-slide-nav-next\">\n\t\t\t\t\t<a href=\"#\" data-goto=\"next\" aria-label=\"diapositive suivante\" data-action=\"next\">\n\t\t\t\t\t\t<em class=\"sow-sld-icon-thin-right\"><\/em>\n\t\t\t\t\t<\/a>\n\t\t\t\t<\/div>\n\n\t\t\t\t<div class=\"sow-slide-nav sow-slide-nav-prev\">\n\t\t\t\t\t<a href=\"#\" data-goto=\"previous\" aria-label=\"diapositive pr\u00e9c\u00e9dente\" data-action=\"prev\">\n\t\t\t\t\t\t<em class=\"sow-sld-icon-thin-left\"><\/em>\n\t\t\t\t\t<\/a>\n\t\t\t\t<\/div>\n\t\t\t\t<\/div><\/div><\/div><\/div><\/div><\/div><\/div><div id=\"pg-37-2\"  class=\"panel-grid panel-has-style\" ><div class=\"siteorigin-panels-stretch panel-row-style-full-width panel-row-style panel-row-style-for-37-2\" style=\"background-color: #002060; \" data-stretch-type=\"full\" ><div id=\"pgc-37-2-0\"  class=\"panel-grid-cell\" ><div id=\"panel-37-2-0-0\" class=\"so-panel widget widget_sow-editor panel-first-child\" data-index=\"3\" ><div class=\"so-widget-sow-editor so-widget-sow-editor-base\">\n<div class=\"siteorigin-widget-tinymce textwidget\">\n\t<h1 style=\"text-align: right;\"><span style=\"text-decoration: underline;\"><span style=\"color: #ffffff; text-decoration: underline;\">QUALITE DES PRODUITS ET PARTENAIRES<\/span><br \/>\n<\/span><\/h1>\n<\/div>\n<\/div><\/div><div id=\"panel-37-2-0-1\" class=\"so-panel widget widget_sow-hero panel-last-child\" data-index=\"4\" ><div class=\"panel-widget-style panel-widget-style-for-37-2-0-1\" ><div class=\"so-widget-sow-hero so-widget-sow-hero-default-4311692591bf-37 so-widget-fittext-wrapper\" data-fit-text-compressor=\"0.85\"><div class=\"sow-slider-base\" style=\"display: none\"><ul class=\"sow-slider-images\" data-settings=\"{&quot;pagination&quot;:true,&quot;speed&quot;:800,&quot;timeout&quot;:8000,&quot;paused&quot;:false,&quot;pause_on_hover&quot;:false,&quot;swipe&quot;:true,&quot;nav_always_show_desktop&quot;:&quot;&quot;,&quot;nav_always_show_mobile&quot;:&quot;&quot;,&quot;breakpoint&quot;:&quot;780px&quot;,&quot;unmute&quot;:false}\">\t\t<li class=\"sow-slider-image\" style=\"background-color: #002060\" >\n\t\t\t\t\t<div class=\"sow-slider-image-container\">\n\t\t\t<div class=\"sow-slider-image-wrapper\">\n\t\t\t\t<h3 style=\"text-align: right\"><span style=\"color: #ffffff\">Les articles, produits et \u00e9quipements sont s\u00e9lectionn\u00e9s avec une attention toute particuli\u00e8re pour apporter, <span style=\"color: #f27500\">au quotidien<\/span>, la plus grande satisfaction \u00e0 leurs utilisateurs, que ce soit en terme de <span style=\"color: #f27500\">pratique<\/span> que de <span style=\"color: #f27500\">confort<\/span> et bien \u00e9videmment <span style=\"color: #f27500\">d\u2019efficacit\u00e9.<\/span><\/span><\/h3>\n<p>&nbsp;<\/p>\n<h3 style=\"text-align: right\"><span style=\"color: #ffffff\">Ces \u00e9quipements r\u00e9pondent <span style=\"color: #f27500\">aux normes exig\u00e9es<\/span> afin d\u2019assurer <span style=\"color: #f27500\">le meilleur niveau de qualit\u00e9<\/span> \u00e0 tous les sp\u00e9cialistes de l\u2019intervention.C\u2019est pourquoi nous choisissons \u00e9galement <span style=\"color: #f27500\">les meilleures marques<\/span> qui garantissent ces crit\u00e8res et nos partenaires, pour leur <span style=\"color: #f27500\">s\u00e9rieux<\/span> et leur <span style=\"color: #f27500\">r\u00e9activit\u00e9<\/span>.<\/span><\/h3>\n<p>&nbsp;<\/p>\n<h3 style=\"text-align: right\"><span style=\"color: #ffffff\">Et ceci, bien entendu, avec des <span style=\"color: #f27500\">tarifs tr\u00e8s \u00e9tudi\u00e9s, adapt\u00e9s et comp\u00e9titifs.<\/span><\/span><\/h3>\n\t\t\t<\/div>\n\t\t<\/div>\n\t\t\t\t<\/li>\n\t\t<\/ul>\t\t\t\t<ol class=\"sow-slider-pagination\">\n\t\t\t\t\t\t\t\t\t\t\t<li><a href=\"#\" data-goto=\"0\" aria-label=\"afficher la diapositive 1\"><\/a><\/li>\n\t\t\t\t\t\t\t\t\t<\/ol>\n\n\t\t\t\t<div class=\"sow-slide-nav sow-slide-nav-next\">\n\t\t\t\t\t<a href=\"#\" data-goto=\"next\" aria-label=\"diapositive suivante\" data-action=\"next\">\n\t\t\t\t\t\t<em class=\"sow-sld-icon-thin-right\"><\/em>\n\t\t\t\t\t<\/a>\n\t\t\t\t<\/div>\n\n\t\t\t\t<div class=\"sow-slide-nav sow-slide-nav-prev\">\n\t\t\t\t\t<a href=\"#\" data-goto=\"previous\" aria-label=\"diapositive pr\u00e9c\u00e9dente\" data-action=\"prev\">\n\t\t\t\t\t\t<em class=\"sow-sld-icon-thin-left\"><\/em>\n\t\t\t\t\t<\/a>\n\t\t\t\t<\/div>\n\t\t\t\t<\/div><\/div><\/div><\/div><\/div><\/div><\/div><div id=\"pg-37-3\"  class=\"panel-grid panel-has-style\" ><div class=\"siteorigin-panels-stretch panel-row-style-full-width panel-row-style panel-row-style-for-37-3\" data-stretch-type=\"full-stretched\" ><div id=\"pgc-37-3-0\"  class=\"panel-grid-cell\" ><div id=\"panel-37-3-0-0\" class=\"so-panel widget widget_sow-hero panel-first-child panel-last-child\" data-index=\"5\" ><div class=\"so-widget-sow-hero so-widget-sow-hero-default-afb0884deafd-37 so-widget-fittext-wrapper\" data-fit-text-compressor=\"0.85\"><div class=\"sow-slider-base\" style=\"display: none\"><ul class=\"sow-slider-images\" data-settings=\"{&quot;pagination&quot;:true,&quot;speed&quot;:800,&quot;timeout&quot;:8000,&quot;paused&quot;:true,&quot;pause_on_hover&quot;:false,&quot;swipe&quot;:true,&quot;nav_always_show_desktop&quot;:&quot;&quot;,&quot;nav_always_show_mobile&quot;:&quot;&quot;,&quot;breakpoint&quot;:&quot;780px&quot;,&quot;unmute&quot;:false}\">\t\t<li class=\"sow-slider-image  sow-slider-image-cover\" style=\"background-color: #333333\" >\n\t\t\t\t\t<div class=\"sow-slider-image-container\">\n\t\t\t<div class=\"sow-slider-image-wrapper\">\n\t\t\t\t<h1><span style=\"text-decoration: underline\"><span style=\"color: #f27500;text-decoration: underline\">POURQUOI NOUS CHOISIR ?<\/span><br \/>\n<\/span><\/h1>\n<p>&nbsp;<\/p>\n<p>&nbsp;<\/p>\n<h3>Que vous soyez agent de s\u00e9curit\u00e9, agent cynophile, SSIAP, ambulancier, intervenant en s\u00e9curit\u00e9 civile, centre de formation \u2026<\/h3>\n<h3><\/h3>\n<h3>Que vous fassiez partie des forces de l\u2019ordre, police, gendarmerie, douane, service sp\u00e9cialis\u00e9 \u2026<\/h3>\n<p>&nbsp;<\/p>\n<h3>Ou encore d\u2019une activit\u00e9 connexe \u2026.<\/h3>\n<p>&nbsp;<\/p>\n<h3>Nous vous proposons les \u00e9quipements qui r\u00e9pondent \u00e0 la<span style=\"color: #f27500\"> r\u00e9alit\u00e9 du terrain<\/span>, \u00e0 vos besoins et nous faisons de vos exigences, une <span style=\"color: #f27500\">priorit\u00e9<\/span>, pour vous apporter <span style=\"color: #f27500\">toute satisfaction<\/span> !<\/h3>\n<p>&nbsp;<\/p>\n\t\t\t<\/div>\n\t\t<\/div>\n\t\t<div class=\"sow-slider-image-overlay sow-slider-image-cover\" style=\"background-image: url(https:\/\/espace-securite.com\/wp-content\/uploads\/2021\/06\/IMG_1050-scaled.jpg);opacity: 0.5\"  ><\/div>\t\t<\/li>\n\t\t<\/ul>\t\t\t\t<ol class=\"sow-slider-pagination\">\n\t\t\t\t\t\t\t\t\t\t\t<li><a href=\"#\" data-goto=\"0\" aria-label=\"afficher la diapositive 1\"><\/a><\/li>\n\t\t\t\t\t\t\t\t\t<\/ol>\n\n\t\t\t\t<div class=\"sow-slide-nav sow-slide-nav-next\">\n\t\t\t\t\t<a href=\"#\" data-goto=\"next\" aria-label=\"diapositive suivante\" data-action=\"next\">\n\t\t\t\t\t\t<em class=\"sow-sld-icon-thin-right\"><\/em>\n\t\t\t\t\t<\/a>\n\t\t\t\t<\/div>\n\n\t\t\t\t<div class=\"sow-slide-nav sow-slide-nav-prev\">\n\t\t\t\t\t<a href=\"#\" data-goto=\"previous\" aria-label=\"diapositive pr\u00e9c\u00e9dente\" data-action=\"prev\">\n\t\t\t\t\t\t<em class=\"sow-sld-icon-thin-left\"><\/em>\n\t\t\t\t\t<\/a>\n\t\t\t\t<\/div>\n\t\t\t\t<\/div><\/div><\/div><\/div><\/div><\/div><div id=\"pg-37-4\"  class=\"panel-grid panel-no-style\" ><div id=\"pgc-37-4-0\"  class=\"panel-grid-cell\" ><div id=\"panel-37-4-0-0\" class=\"so-panel widget widget_sow-headline panel-first-child\" data-index=\"6\" ><div class=\"panel-widget-style panel-widget-style-for-37-4-0-0\" ><div class=\"so-widget-sow-headline so-widget-sow-headline-default-b341a3b3bed0-37\"><div class=\"sow-headline-container \">\n\t<h1 class='sow-headline'>Vous souhaitez en savoir plus, d\u00e9couvrir nos produits et nous rencontrer ?<\/h1>\t\t\t\t\t<div class=\"decoration\">\n\t\t\t\t\t\t<div class=\"decoration-inside\"><\/div>\n\t\t\t\t\t<\/div>\n\t\t\t\t\t<h3 class='sow-sub-headline'>N\u2019h\u00e9sitez pas \u00e0 visiter notre showroom ou \u00e0 nous contacter au plus vite.<\/h3><\/div><\/div><\/div><\/div><div id=\"panel-37-4-0-1\" class=\"so-panel widget widget_sow-button panel-last-child\" data-index=\"7\" ><div class=\"panel-widget-style panel-widget-style-for-37-4-0-1\" ><div class=\"so-widget-sow-button so-widget-sow-button-wire-d9fd16c776c6-37\"><div class=\"ow-button-base ow-button-align-center\">\n\t<a href=\"https:\/\/espace-securite.com\/index.php\/notre-magasin\/\" class=\"ow-icon-placement-left ow-button-hover\" \t\t>\n\t\t<span>\n\t\t\t\n\t\t\tNous rendre visite\t\t<\/span>\n\t<\/a>\n<\/div>\n<\/div><\/div><\/div><\/div><\/div><\/div>","protected":false},"excerpt":{"rendered":"<p>Experience<\/p>\n","protected":false},"author":1,"featured_media":0,"parent":0,"menu_order":0,"comment_status":"closed","ping_status":"closed","template":"templates\/template-full-notitle.php","meta":[],"_links":{"self":[{"href":"https:\/\/espace-securite.com\/index.php\/wp-json\/wp\/v2\/pages\/37"}],"collection":[{"href":"https:\/\/espace-securite.com\/index.php\/wp-json\/wp\/v2\/pages"}],"about":[{"href":"https:\/\/espace-securite.com\/index.php\/wp-json\/wp\/v2\/types\/page"}],"author":[{"embeddable":true,"href":"https:\/\/espace-securite.com\/index.php\/wp-json\/wp\/v2\/users\/1"}],"replies":[{"embeddable":true,"href":"https:\/\/espace-securite.com\/index.php\/wp-json\/wp\/v2\/comments?post=37"}],"version-history":[{"count":132,"href":"https:\/\/espace-securite.com\/index.php\/wp-json\/wp\/v2\/pages\/37\/revisions"}],"predecessor-version":[{"id":10234,"href":"https:\/\/espace-securite.com\/index.php\/wp-json\/wp\/v2\/pages\/37\/revisions\/10234"}],"wp:attachment":[{"href":"https:\/\/espace-securite.com\/index.php\/wp-json\/wp\/v2\/media?parent=37"}],"curies":[{"name":"wp","href":"https:\/\/api.w.org\/{rel}","templated":true}]}}